{"id":18,"date":"2024-08-22T20:05:32","date_gmt":"2024-08-22T20:05:32","guid":{"rendered":"https:\/\/motheorie.ccb.tu-dortmund.de\/?page_id=18"},"modified":"2024-08-22T22:23:28","modified_gmt":"2024-08-22T22:23:28","slug":"video-1","status":"publish","type":"page","link":"https:\/\/motheorie.ccb.tu-dortmund.de\/index.php\/video-1\/","title":{"rendered":"Video 1 &#8211; Einf\u00fchrung"},"content":{"rendered":"\n<p>In diesem Video wird behandelt,<\/p>\n\n\n\n<ul class=\"wp-block-list\">\n<li>&#8230; was Modelle und Theorien in der Chemie bedeuten,<\/li>\n\n\n\n<li>&#8230; welche Ph\u00e4nomene die MO-Theorie pr\u00e4ziser erkl\u00e4ren kann als andere Theorien und <\/li>\n\n\n\n<li>&#8230; wie die Lernvideos aufgebaut sind.<\/li>\n<\/ul>\n\n\n\n<center><iframe src=\"https:\/\/motheorie.ccb.tu-dortmund.de\/wp-admin\/admin-ajax.php?action=h5p_embed&#038;id=1\" width=\"958\" height=\"600\" frameborder=\"0\" allowfullscreen=\"allowfullscreen\" title=\"WS2324 Video 01 - Einf\u00fchrung (via YouTube)\"><\/iframe><script src=\"https:\/\/motheorie.ccb.tu-dortmund.de\/wp-content\/plugins\/h5p\/h5p-php-library\/js\/h5p-resizer.js\" charset=\"UTF-8\"><\/script>\n\n\n\n<div class=\"wp-block-buttons is-layout-flex wp-block-buttons-is-layout-flex\">\n<div class=\"wp-block-button\"><a class=\"wp-block-button__link wp-element-button\" href=\"https:\/\/motheorie.ccb.tu-dortmund.de\/index.php\/start\/\">Zur\u00fcck zur \u00dcbersicht<\/a><\/div>\n\n\n\n<div class=\"wp-block-button\"><a class=\"wp-block-button__link wp-element-button\" href=\"https:\/\/motheorie.ccb.tu-dortmund.de\/index.php\/video-2\/\">Weiter zu Video 2: Grundlagen der MO-Theorie<\/a><\/div>\n<\/div>\n","protected":false},"excerpt":{"rendered":"<p>In diesem Video wird behandelt,<\/p>\n","protected":false},"author":2,"featured_media":0,"parent":0,"menu_order":1,"comment_status":"closed","ping_status":"closed","template":"","meta":{"footnotes":""},"class_list":["post-18","page","type-page","status-publish","hentry"],"_links":{"self":[{"href":"https:\/\/motheorie.ccb.tu-dortmund.de\/index.php\/wp-json\/wp\/v2\/pages\/18","targetHints":{"allow":["GET"]}}],"collection":[{"href":"https:\/\/motheorie.ccb.tu-dortmund.de\/index.php\/wp-json\/wp\/v2\/pages"}],"about":[{"href":"https:\/\/motheorie.ccb.tu-dortmund.de\/index.php\/wp-json\/wp\/v2\/types\/page"}],"author":[{"embeddable":true,"href":"https:\/\/motheorie.ccb.tu-dortmund.de\/index.php\/wp-json\/wp\/v2\/users\/2"}],"replies":[{"embeddable":true,"href":"https:\/\/motheorie.ccb.tu-dortmund.de\/index.php\/wp-json\/wp\/v2\/comments?post=18"}],"version-history":[{"count":10,"href":"https:\/\/motheorie.ccb.tu-dortmund.de\/index.php\/wp-json\/wp\/v2\/pages\/18\/revisions"}],"predecessor-version":[{"id":83,"href":"https:\/\/motheorie.ccb.tu-dortmund.de\/index.php\/wp-json\/wp\/v2\/pages\/18\/revisions\/83"}],"wp:attachment":[{"href":"https:\/\/motheorie.ccb.tu-dortmund.de\/index.php\/wp-json\/wp\/v2\/media?parent=18"}],"curies":[{"name":"wp","href":"https:\/\/api.w.org\/{rel}","templated":true}]}}